
1126
What is the remainder when 15277 is divided by 1354?
383
Calculate the remainder when 53150 is divided by 102.
8
Calculate the remainder when 373628 is divided by 6298.
2046
What is the remainder when 119983 is divided by 72?
31
What is the remainder when 501910 is divided by 10911?
4
Calculate the remainder when 69180 is divided by 1239.
1035
Calculate the remainder when 516671 is divided by 4875.
4796
Calculate the remainder when 6843757 is divided by 44.
41
What is the remainder when 23158 is divided by 7354?
1096
What is the remainder when 1997249 is divided by 666?
581
What is the remainder when 3927272 is divided by 129?
125
Calculate the remainder when 107206692 is divided by 21441321.
87
Calculate the remainder when 110571 is divided by 7378.
7279
Calculate the remainder when 102180 is divided by 16948.
492
What is the remainder when 20651492 is divided by 90?
2
What is the remainder when 26626 is divided by 2926?
292
What is the remainder when 211210 is divided by 1758?
250
Calculate the remainder when 132512 is divided by 66199.
114
Calculate the remainder when 84661 is divided by 26.
5
Calculate the remainder when 3567208 is divided by 67.
61
Calculate the remainder when 174822 is divided by 813.
27
Calculate the remainder when 147030 is divided by 1091.
836
What is the remainder when 17604621 is divided by 8?
5
Calculate the remainder when 2569896 is divided by 40.
16
Calculate the remainder when 10234287 is divided by 3411422.
21
What is the remainder when 33967 is divided by 1945?
902
Calculate the remainder when 49625 is divided by 9923.
10
Calculate the remainder when 6632583 is divided by 64.
7
What is the remainder when 1230824 is divided by 531?
497
Calculate the remainder when 892761 is divided by 739.
49
What is the remainder when 536875 is divided by 1831?
392
Calculate the remainder when 7776345 is divided by 648024.
57
What is the remainder when 4688916 is divided by 249?
246
What is the remainder when 243387 is divided by 243367?
20
What is the remainder when 64808 is divided by 3767?
769
What is the remainder when 6592 is divided by 1733?
1393
Calculate the remainder when 1572889 is divided by 29677.
8
Calculate the remainder when 861612 is divided by 669.
609
What is the remainder when 239796 is divided by 51?
45
What is the remainder when 2022603896 is divided by 3593?
3592
Calculate the remainder when 5883588 is divided by 1981.
18
Calculate the remainder when 2981580 is divided by 198755.
255
What is the remainder when 3973226 is divided by 103?
1
What is the remainder when 1061711 is divided by 3301?
2090
Calculate the remainder when 258040 is divided by 352.
24
Calculate the remainder when 375575 is divided by 960.
215
What is the remainder when 1305919 is divided by 59?
13
Calculate the remainder when 2244523 is divided by 22658.
1381
Calculate the remainder when 94685 is divided by 6239.
1100
What is the remainder when 31875417 is divided by 188?
17
What is the remainder when 15354552 is divided by 1982?
1980
Calculate the remainder when 1386193 is divided by 79.
59
What is the remainder when 21199146 is divided by 517052?
14
Calculate the remainder when 5507433 is divided by 2753711.
11
Calculate the remainder when 15364579 is divided by 5121524.
7
What is the remainder when 4443367 is divided by 36?
31
What is the remainder when 1054356 is divided by 105432?
36
Calculate the remainder when 16621503 is divided by 152.
151
What is the remainder when 22187434 is divided by 70?
24
What is the remainder when 703947 is divided by 4214?
209
What is the remainder when 1267028 is divided by 180968?
252
What is the remainder when 177696 is divided by 88567?
562
Calculate the remainder when 276812990 is divided by 91.
90
What is the remainder when 7197015 is divided by 589?
24
What is the remainder when 54186 is divided by 17276?
2358
Calculate the remainder when 1240245 is divided by 88587.
27
Calculate the remainder when 86506193 is divided by 28835395.
8
What is the remainder when 3464580 is divided by 907?
747
Calculate the remainder when 657210 is divided by 22.
4
What is the remainder when 2777296 is divided by 2777248?
48
Calculate the remainder when 119816 is divided by 1058.
262
Calculate the remainder when 14938 is divided by 14937.
1
What is the remainder when 2868626 is divided by 4256?
82
What is the remainder when 288802 is divided by 1481?
7
Calculate the remainder when 12812 is divided by 701.
194
What is the remainder when 48580594 is divided by 371?
370
What is the remainder when 440834 is divided by 55102?
18
What is the remainder when 855393 is divided by 10178?
441
Calculate the remainder when 601926 is divided by 17683.
704
Calculate the remainder when 168909670 is divided by 67.
57
Calculate the remainder when 8442 is divided by 2933.
2576
Calculate the remainder when 1319432 is divided by 689.
686
What is the remainder when 16170392 is divided by 11?
7
Calculate the remainder when 1886732 is divided by 2680.
12
What is the remainder when 320379 is divided by 1885?
1814
What is the remainder when 5225013 is divided by 1741668?
9
What is the remainder when 31491 is divided by 482?
161
What is the remainder when 39309 is divided by 12665?
1314
What is the remainder when 632409466 is divided by 24?
10
What is the remainder when 424953 is divided by 47134?
747
Calculate the remainder when 14985 is divided by 14414.
571
Calculate the remainder when 430911 is divided by 64.
63
What is the remainder when 2467103 is divided by 139?
131
What is the remainder when 11259215 is divided by 108?
107
Calculate the remainder when 10900 is divided by 1968.
1060
Calculate the remainder when 256436 is divided by 3796.
2104
What is the remainder when 14397247 is divided by 82?
15
What is the remainder when 517618 is divided by 258667?
284
What is the remainder when 1387560 is divided by 66068?
132
Calculate the remainder when 10784918 is divided by 513567.
11
Calculate the remainder when 1953762 is divided by 139545.
132
What is the remainder when 1235293 is divided by 43?
32
What is the remainder when 3906453 is divided by 3906409?
44
Calculate the remainder when 5628913 is divided by 44.
37
Calculate the remainder when 1991684 is divided by 230.
114
What is the remainder when 3929663 is divided by 593?
445
Calculate the remainder when 60542 is divided by 435.
77
Calculate the remainder when 4258406 is divided by 304164.
110
Calculate the remainder when 1116582 is divided by 388.
306
Calculate the remainder when 226555 is divided by 747.
214
What is the remainder when 225364 is divided by 22534?
24
What is the remainder when 186407001 is divided by 218?
215
What is the remainder when 616492 is divided by 154119?
16
What is the remainder when 91159 is divided by 2581?
824
Calculate the remainder when 1189385 is divided by 1002.
11
What is the remainder when 28204 is divided by 2820?
4
Calculate the remainder when 2315068 is divided by 3789.
3778
What is the remainder when 4243348 is divided by 37?
3
Calculate the remainder when 163099 is divided by 1751.
256
Calculate the remainder when 190197 is divided by 376.
317
Calculate the remainder when 62908 is divided by 617.
591
Calculate the remainder when 124983 is divided by 1922.
53
What is the remainder when 97137 is divided by 32298?
243
What is the remainder when 2186474 is divided by 604?
598
What is the remainder when 11510548 is divided by 38?
6
What is the remainder when 203746 is divided by 50865?
286
What is the remainder when 704958 is divided by 8389?
282
What is the remainder when 3389618 is divided by 13138?
14
What is the remainder when 1340135 is divided by 1906?
217
Calculate the remainder when 1946741 is divided by 936.
797
Calculate the remainder when 48387145 is divided by 16129045.
10
Calculate the remainder when 10464601 is divided by 3782.
3589
What is the remainder when 355168 is divided by 88557?
940
Calculate the remainder when 156282453 is divided by 4467.
4458
What is the remainder when 283974 is divided by 287?
131
Calculate the remainder when 74031 is divided by 893.
805
What is the remainder when 654780 is divided by 38504?
212
Calculate the remainder when 15155552 is divided by 38079.
110
Calculate the remainder when 2058995 i